 2*n**3 - 2*n**2 + 1. Let a be g(-1). Let p = a + 4. What is the remainder when 1 is divided by p?
0
Let m = 6 - 4. Suppose -2*x + 140 = 2*x - m*q, 4*x = 5*q + 140. What is the remainder when 69 is divided by x?
34
Suppose -3*h - 1 = -4. Calculate the remainder when h/1*30 - 1 is divided by 10.
9
Calculate the remainder when 12 is divided by (-28)/(-12)*3/1.
5
Suppose -2*p - 10 + 28 = 0. Suppose r + 13 = 3*a, -3*a + 2*r = -r - p. Calculate the remainder when 18 is divided by a.
3
Let u = -10 - 4. What is the remainder when (-3 - -4)*-1*u is divided by 8?
6
Suppose 7*l + 32 = 130. Calculate the remainder when 27 is divided by l.
13
Let b = 6 + 1. Calculate the remainder when 26 is divided by b.
5
Suppose 0*g - 2*g + 44 = 0. Calculate the remainder when g is divided by (-4)/(-20) + ((-39)/(-5) - -5).
9
Let l(i) = -16*i**3 + i + 2. Suppose -w + 5*w - 128 = 0. Calculate the remainder when w is divided by l(-1).
15
Let v(p) = -p**3 + 7*p**2 + 5*p - 5. Let f(s) = -s**3 - 10*s**2 + 9*s - 6. Calculate the remainder when v(7) is divided by f(-11).
14
Let a = 9 - 5. Suppose 1 = -b, -a*m - 2 = m + 2*b. Calculate the remainder when 5 is divided by (6 + -3)*1 + m.
2
Let u = 16 + -14. Suppose 0*j = -5*j + 20. What is the remainder when 13 + (-6)/4*u is divided by j?
2
Let n(b) = b**2 + 41. Suppose -4*l + 0*l + 42 = t, -21 = -l + 5*t. Calculate the remainder when n(0) is divided by l.
8
Suppose 13 = -5*n + 68. Let o(a) = -a**2 + 2*a. Let w be o(2). Suppose w*z + 4 = z. What is the remainder when n is divided by z?
3
Suppose 16 = -8*z + 112. Calculate the remainder when z is divided by 9.
3
Let j = 1 - -3. Let c = 14 - 15. What is the remainder when 19 is divided by (-13)/c - (-1 + j)?
9
Let a = -2 - -3. Let i = -15 - -19. Calculate the remainder when i is divided by (1 + -2)/(a/(-2)).
0
Let d = -559 - -816. What is the remainder when d is divided by 65?
62
Let x = -11 + 0. Let k(u) = -u. What is the remainder when 32 is divided by k(x)?
10
Suppose q = 4*v - 7*v + 6, 0 = v + 3. Let a(c) = -47*c - 2. Let u be a(2). Let o = -68 - u. Calculate the remainder when o is divided by q.
13
Suppose 9*q = 3*q + 240. Calculate the remainder when q is divided by 22.
18
Let a = -5 - 1. Let m = 2 + -3. Calculate the remainder when 8 is divided by m/(3/a) - -1.
2
Let o be (-1)/(-2) - (-6)/4. Suppose 39 = y + o*y. Let r = -20 - -45. Calculate the remainder when r is divided by y.
12
Suppose -2*b = -2*j - b - 3, b = 4*j + 1. Suppose -4*g = -35 - j. What is the remainder when 41 is divided by g?
5
Suppose 0 = 5*b + 2*k - 19, 6*k - 2*k - 14 = -2*b. Suppose 4*p - 3*s - 80 = 123, b*p - 5*s - 166 = 0. Calculate the remainder when p is divided by 10.
7
Suppose i + 16 = 3*i. Suppose -c = -3*q + i*q, 5*q + 4*c = 15. Calculate the remainder when (q + 4 - -10) + -3 is divided by 4.
2
Let l(z) = -z - 2. Let y = -9 + 4. Calculate the remainder when l(y) is divided by (2/5)/(2/10).
1
Suppose 1 = 2*i + 3*x, 0 = -0*i + i - 5*x + 6. Let g = 3 + i. Let m(o) = o - 5. What is the remainder when m(8) is divided by g?
1
Suppose -5*w + 3*f + 245 = f, -2*w + 5*f + 77 = 0. Let h = w + -27. Suppose -2*c + h = 6. Calculate the remainder when 16 is divided by c.
7
Let t(k) = -k**2 + 9*k - 6. Let m be t(7). Suppose -3*j + 0 = n - 2, 4*j = -m. Let u(z) = -z**2 + 8*z + 9. Calculate the remainder when 26 is divided by u(n).
8
Suppose 0 = -14*m + 4*m + 1570. What is the remainder when m is divided by 20?
17
Let l(h) = -h + 12. Suppose 4*s - 41 = 3*z, 2 = z - 3*s + 9. Let u = 46 - z. What is the remainder when u is divided by l(-10)?
21
Let v(u) = u**2 + 5*u - 1. Let c be v(-6). Suppose 18 = 4*x + c*f, -x - 2 = -2*f - 0. Suppose 0 = 2*k - 36 + x. Calculate the remainder when k is divided by 6.
5
Suppose 2*b - 5 = 9. Suppose -26 = -f - 5*h, 21 = 3*f - 2*h - 2*h. What is the remainder when f is divided by b?
4
Suppose -h = b + 20, 0*h + 2*b = -4*h - 90. Let a = 40 + h. Calculate the remainder when a is divided by 9.
6
Suppose y - 9 = -2*y. What is the remainder when 10 is divided by y?
1
Suppose 2*q - 6*q = -64. Suppose 3*m + q = 7*m. Suppose -m*b + 28 = -40. Calculate the remainder when 32 is divided by b.
15
Let p(i) = -i + 31. Let j = 13 + -8. Suppose 0 = -5*k - r + 2, j*k - 2*r + 2 = -2. What is the remainder when p(k) is divided by 11?
9
Let r(q) = 3*q + 11. What is the remainder when 52 is divided by r(0)?
8
Suppose 16 = 4*i, -5*w + 0*i + 85 = -5*i. Calculate the remainder when 39 is divided by w.
18
Let f = -3 - -28. Calculate the remainder when f is divided by 15.
10
Suppose w + 0 - 2 = 0. Let x(s) = -s + 4. Let g be x(0). Suppose -w - g = -n. Calculate the remainder when 10 is divided by n.
4
Let b = -1 + 8. Calculate the remainder when 33 is divided by b.
5
Let r(h) = h**3 + 7*h**2 - 7*h - 2. Let y be r(-8). Let z = y + 16. Suppose -k - 80 = -z*k. Calculate the remainder when k is divided by 6.
4
Let w(l) = 74*l**2 - 1. Let d(k) = k**2 + k - 1. Let z be d(-1). Calculate the remainder when w(z) is divided by 25.
23
Let c = 14 + 6. What is the remainder when c is divided by 7?
6
Let i(l) = 8*l - 2. Let t be -1 - (-1)/((-3)/(-18)). What is the remainder when i(t) is divided by 13?
12
Let z(h) = -3*h - 13. Calculate the remainder when 19 is divided by z(-6).
4
Let v(j) be the third derivative of 5*j**4/24 + 2*j**3/3 + 4*j**2. Let h(c) = 2*c**2 - 2*c - 4. Calculate the remainder when h(-4) is divided by v(3).
17
Suppose g - 25 = 6. Let l(s) = 9*s**3 - 2*s + 1. Calculate the remainder when g is divided by l(1).
7
Suppose 0 = -4*t + a + 41 + 12, 3*a - 23 = -2*t. Let g(x) = x**3 + 6*x**2 - 8*x + 1. Calculate the remainder when t is divided by g(-7).
5
Suppose -2*d + 121 = 19. What is the remainder when d is divided by 26?
25
Let f(x) = -x**3 - 7*x**2 - x - 9. What is the remainder when f(-8) is divided by 11?
8
Let a(x) = -3*x + 7. Suppose 0*q = -q - 5. Calculate the remainder when a(q) is divided by 8.
6
Let y be 1*-6*1 - 1. Let j(a) = -a**3 - 7*a**2 - 2*a + 5. What is the remainder when 56 is divided by j(y)?
18
Let s(w) = w**2 - 5*w - 10. Let y be s(7). Suppose -t = 3*o + 3, 0 = 3*t - t - y*o - 34. Suppose 30 + 5 = h. What is the remainder when h is divided by t?
8
Let m = 6 + -1. Suppose 5*d + 2*q + 83 - 294 = 0, -m*q + 15 = 0. Calculate the remainder when d is divided by 14.
13
Let b(q) = 14*q - 75. Let d = 20 - 4. What is the remainder when d is divided by b(6)?
7
Let s = 36 - 6. Suppose 5*b - s = 40. Calculate the remainder when b is divided by 8.
6
Suppose 0 = 49*v - 44*v - 25. What is the remainder when v is divided by 2?
1
Let o(m) = -18*m**3 + m**2 + m + 1. Suppose z - 211 = -4*w, 6*w - 4*w - 2*z = 118. Calculate the remainder when w is divided by o(-1).
16
Let b(l) be the second derivative of l**4/12 + l**3/3 - 7*l. Calculate the remainder when 46 is divided by b(-6).
22
Let r(c) = -28*c + 1. Calculate the remainder when r(-1) is divided by 11*1 + 8 + -9.
9
Suppose 0 = 4*c - 3*c - 5*t + 5, -3*t + 95 = 4*c. What is the remainder when c is divided by 17?
3
Let u(x) = -2*x + 6. Let l be u(4). What is the remainder when 5 is divided by (-5)/(-5) + (-2)/l?
1
Let f = -2 - -5. Suppose 0 = -2*l + g + 38, -g = -f*l + 2*g + 60. Calculate the remainder when (-8)/12*(1 - 79) is divided by l.
16
Let j(s) = -7*s - 2. Let w be j(2). Let u = 38 + w. Calculate the remainder when u is divided by 12.
10
Let o = -5 - -6. What is the remainder when (1 + 46)/(o - 0) is divided by 25?
22
Suppose -56 - 72 = -2*m. What is the remainder when m is divided by 5?
4
Suppose 0 = 5*z - 3*z - 2*d - 16, -3*d - 32 = -5*z. Suppose 3*m = z*m - 7. Calculate the remainder when 13 is divided by m.
6
What is the remainder when (-5)/(-10) + 185/10 is divided by 4?
3
Suppose 0 = -r + 3*r - 20. Let g(i) = -i**2 + 37. What is the remainder when g(0) is divided by r?
7
Calculate the remainder when 5 is divided by 2*4/8*2.
1
Let y = 4 - 7. Let f(u) = 2*u**2 + 3*u. What is the remainder when ((-26)/(-2))/((-1)/(-2)) is divided by f(y)?
8
What is the remainder when 55 is divided by (-38)/2*5/15*-3?
17
What is the remainder when 24 is divided by (-44)/(-8 + 4) - -2?
11
Let s(z) = -40*z**3 - z**2 - z - 1. Let f = -58 + 68. Calculate the remainder when s(-1) is divided by f.
9
Suppose -4*f + 4*a = -112, 0 = 5*f + 5*a - 105 - 25. What is the re